{"id":20,"date":"2018-10-17T16:54:13","date_gmt":"2018-10-17T16:54:13","guid":{"rendered":"https:\/\/phantopia.de\/?page_id=20"},"modified":"2018-10-20T15:17:05","modified_gmt":"2018-10-20T15:17:05","slug":"ueber-mich","status":"publish","type":"page","link":"https:\/\/phantopia.de\/?page_id=20","title":{"rendered":"\u00dcber die AG Phantopia"},"content":{"rendered":"\n<p>Was kannst du bei uns und mit uns erleben?<\/p>\n\n\n\n<figure class=\"wp-block-image\"><img loading=\"lazy\" decoding=\"async\" width=\"930\" height=\"320\" src=\"https:\/\/phantopia.de\/wp-content\/uploads\/2018\/10\/slide-image-1.jpg\" alt=\"\" class=\"wp-image-27\" srcset=\"https:\/\/phantopia.de\/wp-content\/uploads\/2018\/10\/slide-image-1.jpg 930w, https:\/\/phantopia.de\/wp-content\/uploads\/2018\/10\/slide-image-1-300x103.jpg 300w, https:\/\/phantopia.de\/wp-content\/uploads\/2018\/10\/slide-image-1-768x264.jpg 768w\" sizes=\"auto, (max-width: 706px) 89vw, (max-width: 767px) 82vw, 740px\" \/><figcaption>Unsere Bibliothek<\/figcaption><\/figure>\n\n\n\n<p>Wir f\u00fchren eine Bibliothek mit \u00fcber 2500 phantastischen Werken. Jeder kann bei uns kostenlos B\u00fccher entleihen.<\/p>\n\n\n\n<figure class=\"wp-block-image\"><img loading=\"lazy\" decoding=\"async\" width=\"930\" height=\"320\" src=\"https:\/\/phantopia.de\/wp-content\/uploads\/2018\/10\/slide-image-3.jpg\" alt=\"\" class=\"wp-image-26\" srcset=\"https:\/\/phantopia.de\/wp-content\/uploads\/2018\/10\/slide-image-3.jpg 930w, https:\/\/phantopia.de\/wp-content\/uploads\/2018\/10\/slide-image-3-300x103.jpg 300w, https:\/\/phantopia.de\/wp-content\/uploads\/2018\/10\/slide-image-3-768x264.jpg 768w\" sizes=\"auto, (max-width: 706px) 89vw, (max-width: 767px) 82vw, 740px\" \/><figcaption>Eine unserer Lesungen mit Markus Heitz<\/figcaption><\/figure>\n\n\n\n<p>Wir veranstalten mehrmals im Jahr Autorenlesungen, bei denen du deinen Lieblingsautoren der phantastischen Literatur ganz nahe kommen kannst. Jedes Jahr brauchen wir die Leipziger Buchmesse auf der Suche nach neuen Talenten der Phantastik. Auch holen wir jedes Jahr die Gewinner des <a href=\"Http:\/\/phantastische-Akademie.de\">Seraph-Literaturpreises<\/a> nach Ilmenau.<\/p>\n\n\n\n<figure class=\"wp-block-image\"><img loading=\"lazy\" decoding=\"async\" width=\"930\" height=\"320\" src=\"https:\/\/phantopia.de\/wp-content\/uploads\/2018\/10\/slide-image-2.jpg\" alt=\"\" class=\"wp-image-28\" srcset=\"https:\/\/phantopia.de\/wp-content\/uploads\/2018\/10\/slide-image-2.jpg 930w, https:\/\/phantopia.de\/wp-content\/uploads\/2018\/10\/slide-image-2-300x103.jpg 300w, https:\/\/phantopia.de\/wp-content\/uploads\/2018\/10\/slide-image-2-768x264.jpg 768w\" sizes=\"auto, (max-width: 706px) 89vw, (max-width: 767px) 82vw, 740px\" \/><figcaption>Auch Tabletop gibt es bei uns<\/figcaption><\/figure>\n\n\n\n<p>Deine taktischen F\u00e4higkeiten kannst du im Tabletopspiel verbessern und auch auch mit anderen messen. Auch Unterst\u00fctzung und Tipps zur Bemalung der Modelle erh\u00e4ltst du bei uns.<\/p>\n","protected":false},"excerpt":{"rendered":"<p>Was kannst du bei uns und mit uns erleben? Wir f\u00fchren eine Bibliothek mit \u00fcber 2500 phantastischen Werken. Jeder kann bei uns kostenlos B\u00fccher entleihen. Wir veranstalten mehrmals im Jahr Autorenlesungen, bei denen du deinen Lieblingsautoren der phantastischen Literatur ganz nahe kommen kannst. Jedes Jahr brauchen wir die Leipziger Buchmesse auf der Suche nach neuen &hellip; <\/p>\n<p class=\"link-more\"><a href=\"https:\/\/phantopia.de\/?page_id=20\" class=\"more-link\"><span class=\"screen-reader-text\">\u201e\u00dcber die AG Phantopia\u201c <\/span>weiterlesen<\/a><\/p>\n","protected":false},"author":1,"featured_media":0,"parent":0,"menu_order":0,"comment_status":"closed","ping_status":"closed","template":"","meta":{"ngg_post_thumbnail":0,"footnotes":""},"class_list":["post-20","page","type-page","status-publish","hentry"],"_links":{"self":[{"href":"https:\/\/phantopia.de\/index.php?rest_route=\/wp\/v2\/pages\/20","targetHints":{"allow":["GET"]}}],"collection":[{"href":"https:\/\/phantopia.de\/index.php?rest_route=\/wp\/v2\/pages"}],"about":[{"href":"https:\/\/phantopia.de\/index.php?rest_route=\/wp\/v2\/types\/page"}],"author":[{"embeddable":true,"href":"https:\/\/phantopia.de\/index.php?rest_route=\/wp\/v2\/users\/1"}],"replies":[{"embeddable":true,"href":"https:\/\/phantopia.de\/index.php?rest_route=%2Fwp%2Fv2%2Fcomments&post=20"}],"version-history":[{"count":4,"href":"https:\/\/phantopia.de\/index.php?rest_route=\/wp\/v2\/pages\/20\/revisions"}],"predecessor-version":[{"id":139,"href":"https:\/\/phantopia.de\/index.php?rest_route=\/wp\/v2\/pages\/20\/revisions\/139"}],"wp:attachment":[{"href":"https:\/\/phantopia.de\/index.php?rest_route=%2Fwp%2Fv2%2Fmedia&parent=20"}],"curies":[{"name":"wp","href":"https:\/\/api.w.org\/{rel}","templated":true}]}}