{"id":200,"date":"2019-10-18T00:04:42","date_gmt":"2019-10-17T22:04:42","guid":{"rendered":"https:\/\/phantopia.de\/?page_id=200"},"modified":"2022-11-16T20:48:30","modified_gmt":"2022-11-16T19:48:30","slug":"bibliotheksordnung","status":"publish","type":"page","link":"https:\/\/phantopia.de\/?page_id=200","title":{"rendered":"Bibliotheksordnung"},"content":{"rendered":"\n<h2 class=\"wp-block-heading\">Bibliotheksordnung der AG Phantopia<\/h2>\n\n\n\n<ol class=\"wp-block-list\"><li>Die B\u00fccher der Phantopia Bibliothek sind, abgesehen von Leihgaben, Eigentum der Phantopia Arbeitsgemeinschaft im KuKo (Kulturelle Koordinierung Ilmenau e.V.).<\/li><li>Die Buchausleihe ist jedem m\u00f6glich der sich als Leser registrieren l\u00e4sst. Sie ist unabh\u00e4ngig von einer Mitgliedschaft.<\/li><li>Die Ausleihe erstreckt sich \u00fcber einen Zeitraum von 14 Tagen und umfasst maximal 3 B\u00fccher. Eine Verl\u00e4ngerung ist nicht m\u00f6glich.<\/li><li>Die Leihfrist ist einzuhalten. Bei \u00dcberschreitung wird w\u00f6chentlich eine Geb\u00fchr von 1 \u20ac erhoben. Die 1. Mahnung erfolgt nach 8 Tagen.<\/li><li>Bei Besch\u00e4digungen welche die Nutzung der B\u00fccher beeintr\u00e4chtigen und bei Verlust ist der Leiher verpflichtet f\u00fcr einen ad\u00e4quaten Ersatz zu sorgen.<\/li><li>Die Ausleihe ist nur durch eingewiesenen Mitglieder der Phantopia AG durchzuf\u00fchren.<\/li><li>Leihgaben sind von der Ausleihe ausgeschlossen. <\/li><\/ol>\n\n\n\n<p><br><br>Bei der ersten Ausleihe ist eine Leserkarte auszuf\u00fcllen auf der durch Unterschrift folgende Daten zu best\u00e4tigen sind:<\/p>\n\n\n\n<ul class=\"wp-block-list\"><li>Name<\/li><li>Vorname<\/li><li>Heimadresse \/ Uniadresse<\/li><li>E-Mailadresse<\/li><li>Einverst\u00e4ndnis mit dieser Ordnung<\/li><\/ul>\n\n\n\n<p>\u00c4nderung dieser Daten m\u00fcssen mit der n\u00e4chsten Ausleihe bekannt gegeben werden.<\/p>\n\n\n\n<p><\/p>\n","protected":false},"excerpt":{"rendered":"<p>Bibliotheksordnung der AG Phantopia Die B\u00fccher der Phantopia Bibliothek sind, abgesehen von Leihgaben, Eigentum der Phantopia Arbeitsgemeinschaft im KuKo (Kulturelle Koordinierung Ilmenau e.V.). Die Buchausleihe ist jedem m\u00f6glich der sich als Leser registrieren l\u00e4sst. Sie ist unabh\u00e4ngig von einer Mitgliedschaft. Die Ausleihe erstreckt sich \u00fcber einen Zeitraum von 14 Tagen und umfasst maximal 3 B\u00fccher. &hellip; <\/p>\n<p class=\"link-more\"><a href=\"https:\/\/phantopia.de\/?page_id=200\" class=\"more-link\"><span class=\"screen-reader-text\">\u201eBibliotheksordnung\u201c <\/span>weiterlesen<\/a><\/p>\n","protected":false},"author":2,"featured_media":0,"parent":103,"menu_order":0,"comment_status":"closed","ping_status":"closed","template":"","meta":{"ngg_post_thumbnail":0,"footnotes":""},"class_list":["post-200","page","type-page","status-publish","hentry"],"_links":{"self":[{"href":"https:\/\/phantopia.de\/index.php?rest_route=\/wp\/v2\/pages\/200","targetHints":{"allow":["GET"]}}],"collection":[{"href":"https:\/\/phantopia.de\/index.php?rest_route=\/wp\/v2\/pages"}],"about":[{"href":"https:\/\/phantopia.de\/index.php?rest_route=\/wp\/v2\/types\/page"}],"author":[{"embeddable":true,"href":"https:\/\/phantopia.de\/index.php?rest_route=\/wp\/v2\/users\/2"}],"replies":[{"embeddable":true,"href":"https:\/\/phantopia.de\/index.php?rest_route=%2Fwp%2Fv2%2Fcomments&post=200"}],"version-history":[{"count":5,"href":"https:\/\/phantopia.de\/index.php?rest_route=\/wp\/v2\/pages\/200\/revisions"}],"predecessor-version":[{"id":263,"href":"https:\/\/phantopia.de\/index.php?rest_route=\/wp\/v2\/pages\/200\/revisions\/263"}],"up":[{"embeddable":true,"href":"https:\/\/phantopia.de\/index.php?rest_route=\/wp\/v2\/pages\/103"}],"wp:attachment":[{"href":"https:\/\/phantopia.de\/index.php?rest_route=%2Fwp%2Fv2%2Fmedia&parent=200"}],"curies":[{"name":"wp","href":"https:\/\/api.w.org\/{rel}","templated":true}]}}